
Suppose -30 = 3*b - 60. Suppose -5*a + 292 = 3*z - 4*a, -a = -1. What is the remainder when z is divided by b/(-4)*(0 + -8)?
17
Let f(z) = 6*z**2 - 14*z - 32. Suppose 96 = 3*o + 5*d, -37 - 28 = -2*o - 3*d. Calculate the remainder when o is divided by f(-2).
17
Let v(x) = -2*x**2 - 75*x - 618. What is the remainder when 2636 is divided by v(-25)?
4
Suppose 2*m - 16 + 21 = -25. Let x(h) = -25 - 3 - 3*h - 1. Calculate the remainder when 77 is divided by x(m).
13
Let u(t) = 3*t**2 - 2*t + 3. Let q be u(2). Let s = -38 + q. Let m = 46 + s. Calculate the remainder when m is divided by 10.
9
Let j be (0 + -2)*2/(8/6). Let r be (-44)/(j/3)*2/4. What is the remainder when 13965/273 - (1 - r/26) is divided by 18?
15
Let w = 471 - -231. Suppose 5*z - 4*d - w = 0, -8*d = 3*z - 13*d - 416. Calculate the remainder when z is divided by 38.
28
Calculate the remainder when 1895 is divided by (12*-2)/((-5)/(630/27)).
103
Suppose -4*b + 77 = -3*g, b + 59 = g + 79. Let y be 119 + (2 - 1) + -2. Let j = y + b. Calculate the remainder when j is divided by 17.
16
Suppose -30*b = -35*b. Suppose b = -108*z + 105*z + 63. Calculate the remainder when 2 + 102 + 0 - 2 is divided by z.
18
Suppose -4*k - 2330 = 5*k - 19*k. Calculate the remainder when k is divided by 48.
41
Let m(x) = 2*x**3 - 19*x**2 - 143*x + 19. Calculate the remainder when m(15) is divided by 60.
49
Let g be -6 + (-308)/(-8)*2. Let h = 144 - g. Calculate the remainder when h is divided by 31.
11
What is the remainder when 2088 is divided by ((-1)/(-5))/((-46)/575)*1146/(-15)?
178
Calculate the remainder when 941 is divided by 19/((-532)/(-21))*464/12.
13
Let w(t) = -t**3 - 11*t**2 - 29*t - 270. Let z(k) = -17*k**3 + k**2 + 2*k + 1. What is the remainder when w(-11) is divided by z(-1)?
15
Let z(g) = g**3 + 2*g**2 - 30*g - 2. Suppose -6*o - 2*o - 32 = 0. Calculate the remainder when z(o) is divided by 29.
28
Let p(s) = 27*s + 211. Let i(r) = 14*r + 106. Let l(v) = 5*i(v) - 3*p(v). What is the remainder when l(-14) is divided by 26?
25
Suppose -16*g + 1178 = -1407 + 169. What is the remainder when 1805 is divided by g?
144
Let u = 7 - -29. Suppose 3*h = 14*h - 52*h + 5207. Calculate the remainder when h is divided by u.
19
Let m(s) be the second derivative of 0 - 10*s + 1/12*s**4 + 0*s**2 + 0*s**3 + 9/20*s**5. Calculate the remainder when 38 is divided by m(1).
8
What is the remainder when (-398871)/(-63) - (-2 - 32/(-14)) is divided by 186?
7
Let s = 10658 + -10226. Calculate the remainder when s is divided by 24.
0
What is the remainder when 373 - 372 - (-3 - -1 - 1336) is divided by 79?
75
Let k = 3 - -12. Suppose -40*r - 277 = -22*r - 1231. Calculate the remainder when r is divided by k.
8
Let d(z) = 9*z + 1. Let v(i) = 92*i**2 - 8*i - 4. Let f be v(-2). Let h = -360 + f. Calculate the remainder when d(4) is divided by h.
17
Suppose 5*v - 5*o = 4*v + 3, 33 = v + o. Let g(s) = -37*s + 1128. Calculate the remainder when g(29) is divided by v.
27
Let m = -839 - -854. Let r(i) = -i**3 - 5*i**2 + 7*i - 4. What is the remainder when r(-8) is divided by m?
12
Let y(n) = 2*n - 22. Let v be (38/(-3) - -4)*-3. What is the remainder when 83 is divided by y(v)?
23
Suppose -13*r + 58*r - 54524 = 2*r. Calculate the remainder when 3814 is divided by r.
10
Let s(w) = 29*w**2 - 4*w + 14. Let p be s(3). Let h = -252 + p. Suppose -4*k = -t - 15 + 3, 4*t = 0. Calculate the remainder when h is divided by k.
2
Let r(y) = -y**2 + 5*y + 18. What is the remainder when 54 is divided by r(6)?
6
Let y(t) = 1 + 25 + 3 + 1 - 3*t. What is the remainder when y(-7) is divided by 4?
3
Let x = 25 - 22. Suppose -i + 22 = x*j, 4*j + i - 40 = -j. Let p(c) = 2*c**3 - 3*c**2 - c + 2. What is the remainder when p(3) is divided by j?
8
Calculate the remainder when 178 is divided by (-1)/(-90)*15*36.
4
Suppose 26 = -21*r + 236. Suppose 0 = -5*t + r, -3*g + 129 = -2*g - 4*t. Calculate the remainder when g is divided by 14.
11
Let w(u) = -4*u**3 + 2*u + 7*u**3 - 2*u**2 - 2 + 8*u**3 - u**2. Let p(n) = -43*n - 881. What is the remainder when w(2) is divided by p(-21)?
12
Suppose 4*z - 1345 = -3*l, -2*z - 1375 = -3*l - 0*z. Let t = -325 + l. What is the remainder when t is divided by 68?
62
Let x be (2018 + 1 + -6)*1. Suppose 177*d = 174*d + x. Calculate the remainder when d is divided by 42.
41
Let j be 64/6 - 9/(-27). Suppose -2*o = -j*o + 1998. What is the remainder when o is divided by 14?
12
Let s be -8*11/220 - (-34)/10. Suppose s*w - 4*o - o - 116 = 0, 208 = 5*w - o. Calculate the remainder when 97 is divided by w.
13
Let z(c) = -c**3 + 43*c**2 - 33*c - 363. What is the remainder when 1274 is divided by z(42)?
14
Suppose p = 5*z - 14, 2*z + 3*p - 9 = -0*p. What is the remainder when (2/z - 0)*3 is divided by -2*((-4)/8)/(4/8)?
0
Let b(l) = 7*l**3 - l - 1. Let x be b(1). Suppose s = -c + 153, -x*s = -s - 3*c - 626. What is the remainder when s is divided by 20?
15
Suppose 0 = -11*a + 3*a - 1880. What is the remainder when ((-36)/(-15))/((7/a)/(-7)) is divided by 27?
24
Let o(a) = a + 23 - 18*a - 14. Suppose 70 = 5*u - 5*x + 2*x, 10 = -2*x. Calculate the remainder when o(-1) is divided by u.
4
Suppose -19136 - 30112 = -70*h - 10188. Calculate the remainder when h is divided by 14.
12
Let a(q) = -56*q**2 + 6*q + 2. Let p(r) = 2*r**2 - r. Let o(l) = -a(l) - 3*p(l). What is the remainder when o(2) is divided by 39?
36
Let y = -30 - -146. Let d be (-4)/9 - 980/(-180). Suppose -d*r + 240 = 7*r. Calculate the remainder when y is divided by r.
16
Let h = -2214 - -2238. What is the remainder when 131 is divided by h?
11
Let n be -14 - (-4 - (2 - 2)). Calculate the remainder when 32 is divided by (12/n)/(10 + (-2010)/200).
8
What is the remainder when 417 is divided by 2/(-5) + (1 - (-5868)/45)?
24
Let k(w) = -w + 114. Let g(c) = -4*c + 344. Let h(f) = -6*g(f) + 17*k(f). Calculate the remainder when h(29) is divided by 10.
7
What is the remainder when 189 is divided by 5/((-5)/(-2)) + 64/16*4?
9
Suppose 4*w - 3*c = 8*w + 15, -5*c - 11 = 2*w. Let h(o) = -2*o**3 - o**2 + 31*o + 89. What is the remainder when h(w) is divided by 40?
1
Calculate the remainder when 502 is divided by (4563/(-189))/((-6)/42).
164
Let c = -178 - -203. Let w(t) = 3*t - 64. Calculate the remainder when (-1)/(-2) - (-122)/4 is divided by w(c).
9
Let d(o) = 2*o**3 + 77*o**2 - 42*o - 56. Suppose -3*i + 40 = 2*i. Calculate the remainder when d(-39) is divided by i.
5
Let t be (30/(-20))/(6/2956). Let u = t - -764. Calculate the remainder when 171 is divided by u.
21
Suppose -51*s - 417 - 446 = -3107. What is the remainder when 121 is divided by s?
33
Suppose -5*x + 799 + 816 = 0. Let b = x - 288. Calculate the remainder when 69 is divided by b.
34
Let a be ((-447)/(-9) + -5)*3. Suppose -136*g + 574 = -a*g. What is the remainder when g is divided by 59?
51
Suppose 3*y - 3*p + 3 = 0, -2*y = -3*p + 7 - 1. Suppose y*a - 8 - 7 = 0. Calculate the remainder when -8 + 37 - -15*4/(-12) is divided by a.
4
What is the remainder when ((-25)/(-10))/((-46)/(-9016)) is divided by 167?
156
Suppose -3*s - 12 = 0, 1002 - 4112 = -5*u - 5*s. What is the remainder when u is divided by 90?
86
What is the remainder when 2119 is divided by -701*(8/(-44) - (-54)/(-66))?
16
Let q = 160799 - 113706. What is the remainder when q is divided by 58?
55
Let s be (19428/18)/((-2)/6). What is the remainder when 46/460 - s/20 is divided by 18?
0
Let h = 12 - 10. Let a(t) = t - 11. What is the remainder when (-109 - 5)/((-3)/h) is divided by a(28)?
8
Suppose h + 65 = 5*k, -2*k - 4*h - 80 = -7*k. Suppose -5*o - 3 - k = 0. Calculate the remainder when 70 is divided by 18 - 0/o*1.
16
Let j = 3326 - 3284. What is the remainder when 354 is divided by j?
18
Calculate the remainder when 73 is divided by ((-695)/2780)/(-1 + 54/56).
3
Let w(n) = n**3 + 7*n**2 + 5*n + 3. Let q(o) = o**3 + 41*o - 5*o**2 - 33*o - 11 + 2*o**2 - 13. Calculate the remainder when q(4) is divided by w(-6).
6
Let w be (-10)/4*-1*6/5. Suppose 12 = 6*a - w*a. Suppose -2*y - 40 = -a*y. What is the remainder when 55 is divided by y?
15
Suppose 0 = 208*l - 18875 - 33064 - 54557. Calculate the remainder when l is divided by 92.
52
Suppose -22*k - 151*k + 20116 = 41*k. What is the remainder when 925 is divided by k?
79
What is the remainder when (-10)/6 -